16507983 composite?
False
Is 11764620379 a composite number?
False
Is 88226695303 a prime number?
False
Is 50955186185 a prime number?
False
Is 2780515691 prime?
False
Is 60307941 composite?
True
Is 8850684629 a prime number?
False
Is 11147483851 composite?
True
Is 452897402533 composite?
True
Is 812202203 a prime number?
True
Is 59861878957 composite?
False
Is 34885531937 prime?
True
Is 163865075201 prime?
False
Is 11324677081 a composite number?
False
Is 8684323927 a composite number?
False
Is 134755162 composite?
True
Is 407232223 a composite number?
False
Is 3692196547 a composite number?
True
Is 5307621191 a prime number?
False
Is 72778065427 a prime number?
False
Is 54815587 a composite number?
False
Is 14841525451 prime?
True
Is 14645826241 a prime number?
True
Is 6382973567 composite?
False
Is 321511623 a composite number?
True
Is 22467489521 a prime number?
False
Is 1761284423 prime?
True
Is 3582666863 a composite number?
True
Is 391011421 a prime number?
False
Is 540833457 composite?
True
Is 282028897 a composite number?
True
Is 17138642551 prime?
False
Is 507576421 a composite number?
True
Is 5010711037 a composite number?
True
Is 11771135603 composite?
False
Is 11397239255 a composite number?
True
Is 1534297586 a composite number?
True
Is 2124320353 prime?
False
Is 83194561 a composite number?
True
Is 1463018389 a composite number?
True
Is 2413476619 composite?
True
Is 1544158697 a composite number?
True
Is 39267924133 prime?
True
Is 4124157839 a prime number?
True
Is 2320490891 composite?
True
Is 36096371063 prime?
True
Is 2735635649 prime?
True
Is 30436709573 a composite number?
False
Is 2907473963 a composite number?
True
Is 7839078749 composite?
False
Is 822045811 a prime number?
False
Is 816631657 a composite number?
True
Is 255904841 a prime number?
True
Is 7828244129 a prime number?
True
Is 4578277433 a prime number?
False
Is 653810813 a composite number?
True
Is 7910599007 a composite number?
True
Is 1173293663 prime?
True
Is 11078477315 composite?
True
Is 514862773 a composite number?
True
Is 3941166239 a prime number?
False
Is 3470203801 a composite number?
True
Is 2048346035 composite?
True
Is 3181086757 a composite number?
False
Is 1649392946 prime?
False
Is 49100914813 prime?
True
Is 13844743735 prime?
False
Is 1054360819 prime?
True
Is 25537668967 a composite number?
False
Is 819594611 a composite number?
True
Is 413398169 a prime number?
True
Is 2321298673 composite?
False
Is 32511596833 prime?
True
Is 5482112291 prime?
True
Is 36967863521 prime?
True
Is 94149065 prime?
False
Is 2551637909 prime?
True
Is 8793289651 a composite number?
False
Is 195136567 prime?
True
Is 659340547 composite?
False
Is 9793711649 composite?
False
Is 7792834943 prime?
True
Is 755072419 prime?
True
Is 8923747871 a prime number?
False
Is 2325122533 composite?
False
Is 2552991071 composite?
False
Is 4215375667 a prime number?
True
Is 586207157 composite?
True
Is 1828051459 a composite number?
True
Is 278965331 a prime number?
True
Is 6676435429 composite?
False
Is 67281940577 composite?
True
Is 247138310653 a composite number?
True
Is 557617777 composite?
True
Is 208431929 prime?
False
Is 23519730407 prime?
True
Is 63894451189 composite?
False
Is 155387555 prime?
False
Is 2744267441 a composite number?
True
Is 282444523 composite?
True
Is 83958567533 prime?
False
Is 1082985971 composite?
True
Is 14704018837 prime?
True
Is 54463475237 a prime number?
False
Is 190744469 composite?
False
Is 3983662051 a composite number?
False
Is 3305903771 composite?
False
Is 24440782277 a prime number?
False
Is 1449772451 composite?
False
Is 603604979 composite?
False
Is 16627453 composite?
False
Is 40622942321 composite?
True
Is 25298861909 composite?
False
Is 16387603 prime?
False
Is 1536139051 composite?
False
Is 97632548537 prime?
False
Is 6650627959 a composite number?
True
Is 3138930833 composite?
True
Is 384638021 a composite number?
True
Is 6990997957 a composite number?
True
Is 8791298965 composite?
True
Is 317370749 a prime number?
False
Is 5224524821 prime?
False
Is 190230011 composite?
True
Is 5145442867 composite?
False
Is 368775838 a composite number?
True
Is 2242420657 composite?
False
Is 494559067 a prime number?
True
Is 224830691 prime?
True
Is 13102662527 prime?
False
Is 14942789189 prime?
True
Is 4330873973 composite?
False
Is 55053336509 a prime number?
False
Is 10976288963 composite?
False
Is 7156096193 a prime number?
True
Is 2348475231 composite?
True
Is 8099305633 a prime number?
False
Is 1784409533 a prime number?
True
Is 6617883871 a composite number?
False
Is 342277303 a composite number?
True
Is 1991965471 composite?
False
Is 208247303441 a prime number?
False
Is 15007558519 composite?
True
Is 8083363531 prime?
True
Is 11850498497 composite?
False
Is 978049753 a prime number?
False
Is 221650231 a prime number?
False
Is 3391387289 a composite number?
False
Is 107669689 composite?
False
Is 7914849167 composite?
False
Is 171843609121 a composite number?
True
Is 3985149653 composite?
False
Is 9324769849 composite?
True
Is 148115287 a prime number?
True
Is 192418465 a composite number?
True
Is 875579573 prime?
False
Is 165594070769 a prime number?
True
Is 760845461 composite?
False
Is 33008120749 a prime number?
True
Is 4925551409 a composite number?
False
Is 1762587679 a prime number?
False
Is 108767849 a composite number?
True
Is 3071533823 composite?
False
Is 2147391683 prime?
True
Is 4648882583 composite?
False
Is 51946771241 a prime number?
False
Is 25852197607 a composite number?
True
Is 2854297423 a composite number?
False
Is 18428672293 prime?
False
Is 10068738179 a prime number?
False
Is 4532076179 a prime number?
True
Is 58951327889 a prime number?
True
Is 46308371293 composite?
False
Is 2882434651 composite?
True
Is 160527043271 prime?
False
Is 83555066641 a prime number?
True
Is 10319862109 composite?
False
Is 5530153171 a prime number?
True
Is 3758993299 prime?
False
Is 10267036907 composite?
True
Is 474989297 prime?
True
Is 422909627 prime?
False
Is 49493212751 a composite number?
False
Is 3084647989 a prime number?
False
Is 25234745851 a composite number?
True
Is 26164287001 a prime number?
True
Is 3637968049 a prime number?
True
Is 69927778637 prime?
True
Is 19492110641 a composite number?
False
Is 178934303 a prime number?
True
Is 539372737 a prime number?
False
Is 3536751461 a composite number?
False
Is 12413909119 a composite number?
True
Is 18252357427 a composite number?
False
Is 135577668353 composite?
False
Is 520366157 a prime number?
True
Is 488068823 a prime number?
False
Is 6029743033 prime?
True
Is 24394137941 composite?
True
Is 458701643 a prime number?
True
Is 31578653143 a composite number?
False
Is 310279661 a prime number?
True
Is 5207501431 prime?
False
Is 2771799209 a composite number?
True
Is 5251475639 a composite number?
True
Is 69182983113 a composite number?
True
Is 16769747009 a composite number?
False
Is 355789433 composite?
False
Is 344580563 composite?
True
Is 169349260549 composite?
True
Is 658864763 prime?
True
Is 15891120295 a composite number?
True
Is 95042659429 a prime number?
True
Is 1135856929 a prime number?
False
Is 229337542531 a composite number?
True
Is 159352513 a prime number?
False
Is 1338208621 a prime number?
False
Is 13893276361 a composite number?
True
Is 60541363 a prime number?
False
Is 2362422067 prime?
True
Is 129619593113 composite?
True
Is 446695703 prime?
False
Is 1652395006 prime?
False
Is 17088441437 composite?
False
Is 532264541 composite?
True
Is 529618963 a prime number?
True
Is 374030863 prime?
True
Is 808313117 prime?
False
Is 1186296203 prime?
True
Is 23480134285 a composite number?
True
Is 877302497 a composite number?
False
Is 1271363267 composite?
False
Is 151802677393 prime?
False
Is 16197002623 a prime number?
True
Is 14888360369 a composite number?
True
Is 1891609231 a prime number?
False
Is 20419916233 composite?
False
Is 841290937 a prime number?
False
Is 1951892833 a composite number?
True
Is 170201461 composite?
True
Is 5252213633 a composite number?
False
Is 94484659 composite?
False
Is 13944156467 prime?
True
Is 57405342461 a composite number?
False
Is 2669212387 prime?
True
Is 6418146461 a composite number?
False
Is 29590363617 composite?
Tru